ate the highest common factor of b and c.
32
Suppose -9*w + 0*w = 6129. Let b = w - -771. Calculate the highest common factor of b and 630.
90
Suppose 8*k = 11*k - 612. Let f be (k/(-9) + 1)*(-90)/50. Calculate the greatest common factor of f and 78.
39
Let p be (-1952)/(-112) - (-8)/14. Let o = 21 - p. Suppose -2*r + 120 = 4*u, 0 = -u + o*u - 5*r - 84. What is the greatest common factor of 80 and u?
16
Suppose 2*y + 165 = 7*y. Let q = -2877 - -2910. Calculate the greatest common factor of q and y.
33
Suppose 22*u + 72*u = 1230272. What is the highest common factor of u and 32?
32
Let u(o) = -3*o + 12. Let d be u(-8). Let j = 52 - d. Let q(i) = i**3 - 6*i**2 - 22*i + 143. Let g be q(5). Calculate the highest common factor of g and j.
8
Suppose 3*q - 5*s - 64 = 2*q, -5*s + 53 = 2*q. Let t be -5*(-14)/(-280) - 265/(-20). Calculate the highest common divisor of q and t.
13
Suppose -4*v = -8*v + 184. Suppose 2*o - 5*o - v = 4*r, o = 5*r + 10. Let s be ((-175)/o)/((-3)/2 - -2). Calculate the highest common divisor of 175 and s.
35
Suppose 11*m - 6*m - 17785 = 0. Suppose -533 = 21*g - m. Calculate the highest common divisor of 18 and g.
18
Let d = -190 - -281. Suppose 6 = -8*g + 11*g. Suppose -2*o + 16 = g*h, -4*h + h + 54 = -3*o. What is the greatest common divisor of h and d?
13
Let a(z) = 5*z**3 + z**2 - 748*z + 2976. Let b be a(4). Let i(v) = 21*v - 1. Let t be i(1). Calculate the highest common divisor of b and t.
20
Let i = -375 + 534. Suppose 843 - i = 4*p. Calculate the greatest common factor of 36 and p.
9
Suppose -2*v - 224 = -88*u + 64*u, 15 = -2*v + 5*u. Let d = 464 + -234. Calculate the highest common factor of v and d.
10
Suppose -113*n + 109*n + r + 365 = 0, -r + 355 = 4*n. Calculate the greatest common factor of 531 and n.
9
Let b = 42 + -41. Suppose 0 = -3*v - 12, -5*x + v + b = -3. Suppose 9*z - 12*z + 72 = x. Calculate the greatest common divisor of 120 and z.
24
Let o(l) = -l**2 + 7*l + 11. Let s be o(-2). Let a be (-1)/(s/((-2730)/(-5))). Calculate the highest common divisor of a and 143.
13
Let w = 194 - 193. Suppose v + 5*m - w = 5, 8 = v + 3*m. Calculate the highest common divisor of v and 275.
11
Suppose -2*g - g + 78 = 0. Suppose 0 = -u + 2, g = 5*s - u + 3. Let i be (10/(-3))/((-66)/891). What is the highest common divisor of s and i?
5
Let t(n) = 3*n + 107. Let o be t(-33). Let f be ((-32)/(-6) + 0)*63/42. What is the highest common factor of f and o?
8
Let p = 10561 + -10546. Suppose 13 = v + 1. What is the greatest common factor of v and p?
3
Let r = -226 + -313. Let g = -509 - r. What is the highest common factor of 9 and g?
3
Let w = 40959 - 28426. What is the greatest common divisor of w and 151?
151
Let w(t) = -t**3 - 7*t + 2. Let x be w(-5). Suppose -24*o - 28*o + 918 = -o. Calculate the highest common factor of o and x.
18
Let q = -11006 + 11918. Calculate the highest common factor of q and 528.
48
Suppose 76 - 6 = 10*i. Suppose -l = -0*l + 3*k, k + i = 2*l. What is the highest common divisor of l and 81?
3
Let j(g) = -g**2 + 6. Let h be j(2). Suppose -h*w - 5*a + 28 = 5, -3*a + 81 = 4*w. Calculate the highest common factor of 84 and w.
12
Suppose 6*w - 79 = -19. Suppose -w = 2*a - 50. Calculate the greatest common factor of 110 and a.
10
Let h be ((208/(-6))/(-4))/((-72)/(-2268)). Let d = h + -213. Calculate the highest common divisor of 45 and d.
15
Let u = -757 + 1307. Calculate the greatest common divisor of u and 150.
50
Let i(p) be the third derivative of -p**5/60 - 31*p**4/24 + 56*p**3/3 + 135*p**2. Let s be i(-34). What is the highest common divisor of 170 and s?
10
Let m = -126002 + 126056. Suppose -n = 2*v - 55, 0 = -3*n + 2*n - 3*v + 51. What is the greatest common divisor of m and n?
9
Let x = -65 - -67. Let b be x*141 - (4 + -16)/4. What is the highest common factor of b and 15?
15
Let x(g) = 2*g - 4. Let r be x(5). Let d = -135497 - -135519. What is the highest common divisor of d and r?
2
Let g = -4333 + 7819. What is the highest common divisor of 21 and g?
21
Let u(k) = -5*k**3 - 31*k**2 + 12*k - 90. Let d be u(-7). Calculate the greatest common factor of 43714 and d.
22
Let m be (10 - 11076/(-65)) + -3*2/15. What is the highest common factor of 468 and m?
36
Suppose -12 = 3*h, 4*x + h = 264 + 212. Let s = 157 + -359. Let d = s + 217. Calculate the greatest common divisor of d and x.
15
Let r = 4135 - 4065. What is the greatest common factor of r and 2?
2
Suppose -3*y - 5*o = -52, 97*y - 99*y + 4*o = -20. Suppose 4*a - 4*x = 36, 0 = -a + 3*x + 23 - y. What is the greatest common divisor of a and 7?
1
Let r(j) = -j**2 + 3 + 2*j + 0*j - j + 3*j. Let t be r(3). Suppose -5*f - 3*b = -42, -14 = -5*b + t. Calculate the highest common divisor of f and 18.
6
Suppose 11*t - 1926 + 309 = 0. Let b(z) = 49*z**2 - z + 1. Let j be b(1). Calculate the greatest common factor of j and t.
49
Let r be (-1 - (-12)/8)/(4/248). Let p = 582 - 334. What is the highest common factor of p and r?
31
Let z = 23 - 9. Let l be 9 - (12 - -2) - -61. Calculate the highest common divisor of z and l.
14
Let v(m) = 5*m**2 - 49*m + 6. Let g be v(10). Suppose -2*b + g = n, -1 = b - 6. What is the highest common divisor of 15 and n?
3
Let r(b) = 8535*b + 153836. Let t be r(-18). Let i(l) = l**3 + 7*l**2 + 7*l + 8. Let d be i(-6). Calculate the highest common factor of d and t.
2
Suppose -5*r + 5*a + 39665 = 0, 5*r - 20962 = 4*a + 18706. What is the greatest common divisor of r and 1024?
256
Let h be 3/((-9)/2)*-54. Suppose -28*w - 14 = 14. Let i be 5 + 16 + (-12)/2*w. What is the highest common divisor of i and h?
9
Let n(v) = v**2 + 65*v - 38. Let c be n(-70). Calculate the greatest common factor of c and 48.
24
Let d(m) = -2*m**2 + m + 36. Let k be d(-4). Suppose k = -9*u + 292 - 103. What is the greatest common divisor of u and 273?
21
Let i(y) = -y**2 + 74*y - 968. Let n be i(18). Calculate the greatest common divisor of 3560 and n.
40
Suppose -t + 4*w = 2*t - 68, 0 = -4*w - 20. Suppose -t*g + 11*g = -975. Calculate the greatest common factor of g and 13.
13
Let d(m) = 9*m**2 - 5*m - 10. Let c = -177 + 175. Let p be d(c). What is the greatest common divisor of 234 and p?
18
Let w = 2294 + 246. Calculate the highest common factor of 5 and w.
5
Suppose 4*o + 39 - 106 = -3*m, 20 = 4*m. Calculate the greatest common factor of o and 11726.
13
Suppose 0 = -4*a + 3*k - 211, 4*a + 0*k + 4*k + 204 = 0. Let j = 68 + a. What is the greatest common divisor of j and 64?
16
Let z(u) = -96*u + 9206. Let k be z(72). What is the highest common divisor of 558 and k?
62
Let l be (196/(-8))/(-1 - (-3)/6). Let a = l + -29. Let g be (2 - (-6)/(-1))*-1*40. Calculate the highest common factor of a and g.
20
Let n be ((-18)/(-14) - (-24)/(-84))*2. Let r = 11 - 8. Suppose 5 = r*y + n. Calculate the greatest common factor of 5 and y.
1
Suppose u - 2*b - 2 = 16, -5*u + 90 = 4*b. Suppose -u*d = -16*d - 40. Let p = 419 - 414. Calculate the highest common factor of p and d.
5
Let n(y) = -69*y - 7307. Let t be n(-142). Calculate the highest common factor of t and 583.
53
Let d = -7860 - -7871. What is the highest common factor of d and 20339?
11
Let v = -61 - -61. Suppose -14 = -b - v. What is the highest common factor of b and 4?
2
Suppose -7*h = -49 - 1526. Let z = 6 - 1. Suppose -385 = -z*i + 3*c, -3*c - h = -i - 2*i. Calculate the highest common divisor of i and 10.
10
Let j(s) = -3*s - 127. Let n be j(-34). Let l = 31 + n. Calculate the greatest common factor of l and 16.
2
Let h(k) = 206*k**3 + 2*k**2 + 3*k - 2. Let r be h(1). Let v = r - 199. Suppose 0 = 2*m - 2 - 2. Calculate the highest common factor of v and m.
2
Let t = 8025 - 7880. Calculate the highest common divisor of 899 and t.
29
Suppose -j = 19*t - 17*t - 9067, 0 = 13*t - j - 58958. What is the greatest common factor of 5 and t?
5
Let i be 6/(-27) - 816/(-27). Let a be ((-74)/6)/((-5)/i). Let q = 1337 + -1300. Calculate the highest common divisor of q and a.
37
Suppose 0 = -2*p + 10. Suppose 0*m - p*m = -25. Suppose g - 26 = -2*u, 7*u - 20 - 65 = -5*g. What is the greatest common factor of u and m?
5
Let a be (7/(-105)*6)/((-2)/30). What is the greatest common divisor of a and 88?
2
Let x(o) = o**3 - 33*o**2 + 59*o + 51. Let g be x(31). Let l(b) = -9*b - 4. Let f be l(-7). Let d = f + g. Wha